 446*d**2 + 37*d + 65. What is h(8)?
-23
Let q(z) = 20*z**3 + 12*z**2 - 4*z - 12. Give q(3).
624
Let b(q) = -32686*q + 588339. What is b(18)?
-9
Let o(p) = 9*p**3 - 66*p**2 + 165*p - 1185. What is o(7)?
-177
Let u(y) = -2*y**2 + 4*y + 34322. Give u(132).
2
Let s(c) = -10*c**2 - 114*c + 57. What is s(-9)?
273
Let l(a) = 2*a**3 + 296*a**2 - 341*a - 4078. Calculate l(-149).
2329
Let x(o) = 2*o**2 - 275287*o + 1376421. Give x(5).
36
Let t(a) = -33596*a + 470344. What is t(14)?
0
Let a(q) = -2*q**2 + 2852*q + 11412. Calculate a(-4).
-28
Let j(i) = i**3 + 52*i**2 + 454*i + 38. Calculate j(-41).
-85
Let a(i) = -5*i**2 - 83*i + 426. Calculate a(-24).
-462
Let c(x) = 213716*x + 2992027. Calculate c(-14).
3
Let k(g) = 3194*g - 59990. Give k(19).
696
Let c(x) = x**2 + 108*x - 645. What is c(-119)?
664
Let d(v) = -1529788*v + 22946816. Calculate d(15).
-4
Let w(g) = -19*g**2 - 28*g + 373. What is w(5)?
-242
Let r(t) = -49*t**2 - 335*t + 497. What is r(-8)?
41
Let n(l) = 2*l**3 + 122*l**2 + 1851*l - 328. Calculate n(-31).
-49
Let z(b) = -210170*b + 2522048. Determine z(12).
8
Let g(x) = -80*x + 11319. Determine g(143).
-121
Let v(z) = -z**3 - 83*z**2 - 36*z + 1431. What is v(-82)?
-2341
Let m(o) = -88*o**2 + 12430*o + 12429. What is m(-1)?
-89
Let a(i) = 3*i**2 - 2414*i - 29375. Calculate a(-12).
25
Let c(g) = -2*g**2 - 544949*g - 3814664. What is c(-7)?
-119
Let q(d) = -8*d**3 - 12*d**2 + 171. Give q(4).
-533
Let t(k) = 2*k**3 - 53*k**2 - 445*k + 434. Give t(-8).
-422
Let u(a) = 36*a**3 + 451*a**2 - 223*a + 17. What is u(-13)?
43
Let l(o) = 18*o**2 + 13*o - 3849. What is l(-15)?
6
Let b(o) = -14*o**3 + 68*o**2 + 432*o - 589. Give b(8).
51
Let h(w) = 2*w**3 - 129*w**2 + 2314*w - 124228. Give h(62).
20
Let l(t) = t**3 + 12*t**2 - 20*t - 33. What is l(-14)?
-145
Let j(i) = i**3 + 5*i**2 + 65*i + 688. What is j(0)?
688
Let a(q) = 29*q**2 + 8807*q - 2722. What is a(-304)?
14
Let q(l) = -3970*l - 43606. Calculate q(-11).
64
Let l(z) = 29921*z + 269293. Calculate l(-9).
4
Let b(r) = -2*r**3 - 91*r**2 + 576*r - 6. What is b(8)?
-2246
Let g(u) = u**3 - 31*u**2 + 63*u + 339. Calculate g(5).
4
Let l(b) = -b**2 + 978*b + 2906. Determine l(-3).
-37
Let q(c) = -142*c**2 + 516*c - 2155. Calculate q(4).
-2363
Let w(m) = 3*m**3 + 12*m**2 + 275*m + 1729. What is w(-6)?
-137
Let y(g) = g**3 + 119*g**2 - 3435*g - 424. What is y(-143)?
5
Let t(l) = -3252*l - 536585. Give t(-165).
-5
Let d(y) = 113371*y - 13831268. What is d(122)?
-6
Let q(z) = z**3 - 59*z**2 - 52*z - 84. Calculate q(60).
396
Let j(l) = -l**3 + 15*l**2 - 32*l - 55. Give j(12).
-7
Let t(x) = 2*x**3 + 1083*x**2 + 99641*x + 193. Calculate t(-424).
-231
Let q(v) = -2*v**3 - 170*v**2 - 71*v + 8167. What is q(-84)?
19
Let p(h) = 3*h**2 + 442*h + 6375. Calculate p(-16).
71
Let t(c) = 6165*c + 55421. Calculate t(-9).
-64
Let v(m) = -m**2 - 122*m + 1891. Calculate v(14).
-13
Let n(b) = -298*b - 123014. Calculate n(-420).
2146
Let p(c) = 94*c - 6726. Calculate p(64).
-710
Let s(b) = -b**2 - 120*b + 186. Calculate s(-149).
-4135
Let r(a) = -a**3 + 10*a**2 + 1708*a + 4633. Determine r(-35).
-22
Let y(g) = 26*g**3 - 1950*g**2 - 144*g + 10781. What is y(75)?
-19
Let q(f) = -1319*f - 185954. Calculate q(-141).
25
Let i(t) = -147*t**2 + 32047*t - 172. What is i(218)?
46
Let n(o) = 105*o**3 - 40831*o**2 - 5445*o - 375. Calculate n(389).
14
Let n(d) = -9177*d + 532272. Calculate n(58).
6
Let p(g) = 31176*g + 155940. What is p(-5)?
60
Let n(c) = c**3 + 4*c**2 - 74*c - 12. Determine n(9).
375
Let r(p) = -4459*p - 566326. Give r(-127).
-33
Let q(v) = -v**3 - 38*v**2 - 330*v + 532. Give q(-18).
-8
Let f(q) = 6*q**3 - 256*q**2 + 1701*q - 52. Calculate f(8).
244
Let s(c) = 3*c**2 + 1677*c + 138733. Calculate s(-101).
-41
Let x(j) = 40*j**2 + 616*j + 27. Calculate x(-17).
1115
Let t(v) = -2*v**2 + 177*v - 2631. Determine t(73).
-368
Let s(h) = h**3 - 34*h**2 - 92*h + 1845. Give s(35).
-150
Let i(t) = -2*t**3 - 747*t**2 + 367*t - 2639. What is i(-374)?
-21
Let r(d) = -5533*d - 315354. Calculate r(-57).
27
Let l(u) = 243*u**2 + 1552*u - 55. Calculate l(-6).
-619
Let i(q) = 6148*q - 67640. Give i(11).
-12
Let i(s) = s**3 - 1478*s**2 - 28440*s + 55. Calculate i(-19).
-2
Let w(z) = 918*z**2 - 16499*z - 413. Calculate w(18).
37
Let f(z) = 10003*z - 50213. Determine f(5).
-198
Let u(r) = 39091*r + 6684557. Determine u(-171).
-4
Let r(f) = 4*f**2 + 204*f + 1144. Calculate r(-44).
-88
Let o(u) = -109*u - 9531. Give o(-97).
1042
Let c(r) = -434*r**2 + 1372*r - 200. What is c(3)?
10
Let d(l) = l**3 + 148*l**2 - 1031*l - 173157. Give d(-147).
9
Let b(s) = 25*s**2 + 353*s - 326. Determine b(-15).
4
Let l(m) = 5*m**2 - 67*m - 1115. What is l(23)?
-11
Let p(q) = -2548*q - 17835. Determine p(-7).
1
Let l(d) = 32*d**2 - 37807*d + 243215. Give l(1175).
-10
Let x(z) = 417*z + 10123. Calculate x(-26).
-719
Let i(c) = -c**3 + 31*c**2 - 163*c - 38. Determine i(24).
82
Let y(z) = z**2 - 5086*z + 2260253. Give y(492).
5
Let n(y) = -y**3 - 8*y**2 - 61*y - 219. What is n(-6)?
75
Let c(r) = -2*r**3 + 17*r**2 + 7961*r + 21. What is c(0)?
21
Let z(r) = 64*r**2 + 2379*r + 106. Determine z(-37).
-301
Let v(q) = -468*q + 50436. Calculate v(108).
-108
Let d(o) = -1402*o**2 - 18395*o - 2196. Calculate d(-13).
1
Let b(m) = m**3 + 18*m**2 + 57*m + 629. Give b(-16).
229
Let x(o) = 9*o**3 + 39*o**2 - 705*o - 62. Give x(7).
1
Let c(t) = -5*t**3 + 75*t**2 + 318*t + 21. What is c(-6)?
1893
Let p(q) = -q**3 + 731*q**2 - 5719*q - 34. Give p(8).
486
Let h(r) = -r**3 + 1133*r**2 - 21187*r + 384. Determine h(19).
-15
Let b(c) = 49*c**2 - 14150*c - 28453. Calculate b(-2).
43
Let g(c) = -c**3 - 62*c**2 + 586*c + 445. Give g(9).
-32
Let l(q) = -423*q + 7958. Give l(19).
-79
Let o(j) = 27857*j + 362244. Calculate o(-13).
103
Let t(l) = 2*l**3 + 31*l**2 + 17*l + 125. Calculate t(-15).
95
Let r(d) = 3*d**3 + 328*d**2 - 551*d + 488. Calculate r(-111).
44
Let l(z) = -z**2 + 1143*z - 121. Calculate l(0).
-121
Let u(k) = 7161*k + 4790703. Give u(-669).
-6
Let z(n) = -121408*n + 3156607. Calculate z(26).
-1
Let h(t) = -1723*t**2 - 5123*t + 103. Calculate h(-3).
-35
Let n(x) = -279*x + 9913. Give n(37).
-410
Let d(x) = 2*x**3 + 4088*x**2 + 24524*x + 408. Calculate d(-6).
0
Let v(s) = -16*s**3 - 252*s**2 + 104*s + 391. What is v(-16)?
-249
Let w(f) = 9*f**2 - 349*f - 419. Calculate w(43).
1215
Let u(b) = 4*b**3 + 44*b**2 - 11*b - 193. Determine u(-11).
-72
Let x(y) = -16*y**3 - 1686*y**2 - 630*y - 36. Give x(-105).
-36
Let w(u) = -9*u**2 - 207053*u + 6012099. What is w(29)?
-7
Let c(o) = -3*o**2 + 284*o - 1984. Calculate c(6).
-388
Let i(y) = -y**2 - 1943*y + 223766. What is i(109)?
98
Let u(g) = 10013*g - 71123. Calculate u(7).
-1032
Let j(v) = -148*v**2 - 7*v + 27. What is j(1)?
-128
Let b(s) = -396*s**3 + 798*s**2 - 16*s + 15. What is b(2)?
7
Let b(z) = 63*z + 520. Determine b(-17).
-551
Let i(m) = -m**3 - 7*m**2 + 117*m. Calculate i(11).
-891
Let s(q) = q**2 - 47*q - 2198. Calculate s(-26).
-300
Let v(l) = -4315*l + 99254. What is v(23)?
9
Let j(k) = 2*k**2 + 69*k + 184. Determine j(-21).
-383
Let p(z) = -20*z**2 - 1012*z + 7156. Calculate p(7).
-908
Let m(p) = -41*p**3 + 1191*p**2 - 61*p + 18. Calculate m(29).
-69
Let i(r) = 15*r + 4048. Give i(-152).
1768
Let f(w) = 3*w**3 - 12*w**2 - 157*w + 153. What is f(-6)?
15
Let s(o) = 15*o**3 + 4622*o**2 - 4014*o + 924. Determine s(-309).
-3
Let l(g) = 49*g**2 + 726*g - 2922. Calculate l(4).
766
Let s(f) = 573*f - 22511. Give s(40).
409
Let c(n) = -3829*n - 59145. What is c(-16)?
2119
Let z(q) = q**3 - 232*q**2 + 1805*q - 536. Calculate z(224).
2376
Let g(q) = -492*q - 7. Calculate g(-1).
485
Let c(j) = j**3 + 467*j**2 - 2357*j - 18. Calculate c(5).
-3
Let y(b) = 293*b - 6183. Give y(21).
-30
Let u(n) = 4*n**3 - 2*n**2 - 135*n + 502. What is u(4)?
186
Let i(y) = 2*y**2 + 118*y - 2556. Determine i(20).
604
Let l(a) = -a**2 + 1306*a + 23799. Calculate l(-18).
-33
Let m(i) = 113*i + 5943. Determine m(-55).
-272
Let x(c) = -67*c**2 + 2363*c - 14143. Calculate x(6).
-2377
Let h(l) = -4*l**2 + 76*l + 43. Determine h(21).
-125
Let f(w) = 629*w**2 - 33*w - 76. Give f(-2).
2506
Let o(i) = 991*i - 13298. Give o(12).
-1406
Let k(t) = -t**3 + 13*t**2 + 116*t + 1986. Calculate k(20).
1506
Let t(x) = -15*x**2 + 328*x - 1954. Give t(6).
-526
Let i(k) = 34